{"id":22,"date":"2024-04-09T15:20:17","date_gmt":"2024-04-09T15:20:17","guid":{"rendered":"https:\/\/aticomputacion.com.ar\/?page_id=22"},"modified":"2024-04-13T12:48:33","modified_gmt":"2024-04-13T15:48:33","slug":"mesmerize","status":"publish","type":"page","link":"https:\/\/aticomputacion.com.ar\/","title":{"rendered":"Front Page"},"content":{"rendered":"<div  data-label=\"Servicios\" data-id=\"features--1\" data-export-id=\"features-13\" data-category=\"features\" class=\"features-13 content-section content-section-spacing\" id=\"servicios\" style=\"background-color: rgb(245, 250, 253);\"><div  class=\"gridContainer\"> <div  class=\"row text-center\"><div  class=\"section-title-col\" data-type=\"column\"> <h2  class=\"\">Algunos de los servicios que ofrecemos<\/h2> <\/div> <\/div> <div  class=\"row spaced-cols\" data-type=\"row\"> <div  class=\"col col-sm-6 space-bottom col-md-4\"> <i  class=\"fa icon color1 fa-shopping-cart bordered round big\"><\/i> <h4  class=\"\">VENTAS<\/h4> <p  class=\"\">Computadoras a la medida de tus necesidades. Notebooks, impresoras, monitores, servidores, PC Gamer, accesorios, perifericos y mas\u2026<\/p> <\/div> <div  class=\"col col-sm-6 space-bottom col-md-4\"><i  class=\"fa icon color1 fa-life-bouy bordered round big\"><\/i> <h4  class=\"\">SERVICIO T\u00c9CNICO<\/h4> <p  class=\"\">Software-Hardware. Reparaci\u00f3n de computadoras, notebooks, monitores, impresoras. Todas las marcas y modelos<\/p> <\/div> <div  class=\"col col-sm-6 space-bottom col-md-4\"><i  class=\"fa icon color1 fa-id-badge bordered round big\"><\/i> <h4  class=\"\">SISTEMA DE ABONOS<\/h4> <p  class=\"\">Sistema de abonos mensuales para empresas, estudios profesionales y comercios. Si est\u00e1 interesado en conocer nuestro sistema de abono, lo invitamos a contactarnos para poder concretar una reuni\u00f3n y brindar un adecuado asesoramiento.<\/p> <\/div> <div  class=\"col col-sm-6 space-bottom col-md-4\"><i  class=\"fa icon color1 fa-server bordered round big\"><\/i> <h4  class=\"\">MANTENIMIENTO DE REDES<\/h4> <p  class=\"\">\u2013 Relevamiento t\u00e9cnico del estado de infraestructura existente, as\u00ed como asesoramiento y dise\u00f1o de redes e infraestructura adecuada para cada cliente. Nuestros servicios incluyen el aspecto t\u00e9cnico y la venta de hardware.<br >\u2013 Mantenimiento preventivo para evitar interrupciones o demoras en reparaciones evitables, lo que optimiza la productividad de la empresa.<\/p> <\/div> <div  class=\"col col-sm-6 space-bottom col-md-4\"> <i  class=\"fa icon color1 fa-database bordered round big\"><\/i> <h4  class=\"\">VIRTUALIZACIONES<\/h4> <p  class=\"\">Existen muchos beneficios en la virtualizaci\u00f3n de servidores entre los cuales se pueden remarcar los siguientes:<br >-Disminuci\u00f3n de servidores f\u00edsicos.<br >-Aislaci\u00f3n de aplicaciones, esto logra impedir que una falla en una aplicaci\u00f3n impacte en otra.<br >-Ejecuci\u00f3n de m\u00faltiples sistemas operativos en una sola plataforma. Ideal para aplicaciones antiguas o incompatibles con nuevas plataformas.<\/p> <\/div><div  class=\"col col-sm-6 space-bottom col-md-4\"> <i  class=\"fa icon color1 fa-linux bordered round big\"><\/i> <h4  class=\"\">SERVICIO DE HOSTING<\/h4> <p  class=\"\">Alojamiento web pensado para emprendedores, profesionales y empresas peque\u00f1as<br >Contamos con una variada gama de planes adaptados a las distintas necesidades de presencia en Internet. Todos ellos cuentan con las caracter\u00edsticas t\u00e9cnicas m\u00e1s avanzadas del mercado para que puedas alojar tu blog personal, tu emprendimiento, tu tienda online o tu aplicaci\u00f3n.<\/p> <\/div><\/div><\/div> <\/div><div  id=\"contacto\" data-label=\"Contacto\" data-id=\"contact-1\" data-export-id=\"contact-1\" data-category=\"contact\" class=\"contact-1 content-section content-section-spacing white-text\" data-parallax-depth=\"20\" style=\"background-image: url(&quot;https:\/\/aticomputacion.com.ar\/wp-content\/uploads\/2024\/04\/bg-nb-scaled.jpg&quot;); background-size: cover; background-position: center top;\"><div  class=\"gridContainer\"> <div  class=\"row text-center\"><div  class=\"section-title-col\" data-type=\"column\"> <h2  class=\"\">Contacto<\/h2> <p  class=\"lead\">Completa el siguiente formulario y nos estaremos contactando a la brevedad o bien env\u00edanos un email a: info@aticomputacion.com.ar<\/p><\/div> <\/div> <div  class=\"row text-center\"> <div  class=\"col-xs-12 col-sm-8 col-sm-offset-2 contact-form-wrapper inline-info\"> <div  class=\"card large-padding\"> <div  class=\"\" data-content-shortcode=\"mesmerize_contact_form shortcode=&quot;formidable id=1&quot;\" data-editable=\"true\"><div class=\"frm_forms  with_frm_style frm_style_estilos-formidable\" id=\"frm_form_1_container\" >\n<form enctype=\"multipart\/form-data\" method=\"post\" class=\"frm-show-form \" id=\"form_contact-form\" >\n<div class=\"frm_form_fields \">\n<fieldset>\n<legend class=\"frm_screen_reader\">Contacto<\/legend>\r\n\r\n<div class=\"frm_fields_container\">\n<input type=\"hidden\" name=\"frm_action\" value=\"create\" \/>\n<input type=\"hidden\" name=\"form_id\" value=\"1\" \/>\n<input type=\"hidden\" name=\"frm_hide_fields_1\" id=\"frm_hide_fields_1\" value=\"\" \/>\n<input type=\"hidden\" name=\"form_key\" value=\"contact-form\" \/>\n<input type=\"hidden\" name=\"item_meta[0]\" value=\"\" \/>\n<input type=\"hidden\" id=\"frm_submit_entry_1\" name=\"frm_submit_entry_1\" value=\"3a9fe9de11\" \/><input type=\"hidden\" name=\"_wp_http_referer\" value=\"\/index.php?rest_route=%2Fwp%2Fv2%2Fpages%2F22\" \/><div id=\"frm_field_1_container\" class=\"frm_form_field form-field  frm_required_field frm_top_container frm_first frm_half\">\r\n    <label for=\"field_qh4icy\" id=\"field_qh4icy_label\" class=\"frm_primary_label\">Nombre\r\n        <span class=\"frm_required\" aria-hidden=\"true\">*<\/span>\r\n    <\/label>\r\n    <input type=\"text\" id=\"field_qh4icy\" name=\"item_meta[1]\" value=\"\"  data-reqmsg=\"Nombre no puede estar vac\u00edo.\" aria-required=\"true\" data-invmsg=\"Nombre no es v\u00e1lido\" aria-invalid=\"false\"   aria-describedby=\"frm_desc_field_qh4icy\"\/>\r\n    <div class=\"frm_description\" id=\"frm_desc_field_qh4icy\">First<\/div>\r\n    \r\n<\/div>\n<div id=\"frm_field_2_container\" class=\"frm_form_field form-field  frm_required_field frm_hidden_container frm_half\">\r\n    <label for=\"field_ocfup1\" id=\"field_ocfup1_label\" class=\"frm_primary_label\">Apellido\r\n        <span class=\"frm_required\" aria-hidden=\"true\">*<\/span>\r\n    <\/label>\r\n    <input type=\"text\" id=\"field_ocfup1\" name=\"item_meta[2]\" value=\"\"  data-reqmsg=\"Apellido no puede estar vac\u00edo.\" aria-required=\"true\" data-invmsg=\"Apellido no es v\u00e1lido\" aria-invalid=\"false\"   aria-describedby=\"frm_desc_field_ocfup1\"\/>\r\n    <div class=\"frm_description\" id=\"frm_desc_field_ocfup1\">Last<\/div>\r\n    \r\n<\/div>\n<div id=\"frm_field_3_container\" class=\"frm_form_field form-field  frm_required_field frm_top_container frm_full\">\r\n    <label for=\"field_29yf4d\" id=\"field_29yf4d_label\" class=\"frm_primary_label\">Email\r\n        <span class=\"frm_required\" aria-hidden=\"true\">*<\/span>\r\n    <\/label>\r\n    <input type=\"email\" id=\"field_29yf4d\" name=\"item_meta[3]\" value=\"\"  data-reqmsg=\"Email no puede estar vac\u00edo.\" aria-required=\"true\" data-invmsg=\"Please enter a valid email address\" aria-invalid=\"false\"  \/>\r\n    \r\n    \r\n<\/div>\n<div id=\"frm_field_4_container\" class=\"frm_form_field form-field  frm_required_field frm_top_container frm_full\">\r\n    <label for=\"field_e6lis6\" id=\"field_e6lis6_label\" class=\"frm_primary_label\">Asunto\r\n        <span class=\"frm_required\" aria-hidden=\"true\">*<\/span>\r\n    <\/label>\r\n    <input type=\"text\" id=\"field_e6lis6\" name=\"item_meta[4]\" value=\"\"  data-reqmsg=\"Asunto no puede estar vac\u00edo.\" aria-required=\"true\" data-invmsg=\"Asunto no es v\u00e1lido\" aria-invalid=\"false\"  \/>\r\n    \r\n    \r\n<\/div>\n<div id=\"frm_field_5_container\" class=\"frm_form_field form-field  frm_required_field frm_top_container frm_full\">\r\n    <label for=\"field_9jv0r1\" id=\"field_9jv0r1_label\" class=\"frm_primary_label\">Consulta\r\n        <span class=\"frm_required\" aria-hidden=\"true\">*<\/span>\r\n    <\/label>\r\n    <textarea name=\"item_meta[5]\" id=\"field_9jv0r1\" rows=\"5\"  data-reqmsg=\"Consulta no puede estar vac\u00edo.\" aria-required=\"true\" data-invmsg=\"Consulta is invalid\" aria-invalid=\"false\"  ><\/textarea>\r\n    \r\n    \r\n<\/div>\n<div id=\"frm_field_10_container\" class=\"frm_form_field form-field  frm_none_container frm_sixth\">\r\n    <label for=\"g-recaptcha-response\" id=\"field_z3kt1_label\" class=\"frm_primary_label\">Captcha\r\n        <span class=\"frm_required\" aria-hidden=\"true\"><\/span>\r\n    <\/label>\r\n    <div  id=\"field_z3kt1\" class=\"g-recaptcha\" data-sitekey=\"6LdOd7kpAAAAAGXLft3jWJekbJ7GNMel61wYGopC\" data-size=\"invisible\" data-theme=\"light\" data-callback=\"frmAfterRecaptcha\"><\/div>\r\n    \r\n    \r\n<\/div>\n\t<input type=\"hidden\" name=\"item_key\" value=\"\" \/>\n\t\t\t<div id=\"frm_field_11_container\">\n\t\t\t<label for=\"field_7o002\" >\n\t\t\t\tIf you are human, leave this field blank.\t\t\t<\/label>\n\t\t\t<input  id=\"field_7o002\" type=\"text\" class=\"frm_form_field form-field frm_verify\" name=\"item_meta[11]\" value=\"\"  \/>\n\t\t<\/div>\n\t\t<input name=\"frm_state\" type=\"hidden\" value=\"enuxjmO6Db8fnTTkCUW1YrHahtrTcOx4mdzP9z+ayls=\" \/><div class=\"frm_submit frm_flex\">\r\n<button class=\"frm_button_submit\" type=\"submit\"  >Enviar<\/button>\r\n\r\n\r\n\r\n<\/div><\/div>\n<\/fieldset>\n<\/div>\n\n<\/form>\n<\/div>\n<\/div><\/div> <\/div><\/div> <\/div><\/div><div  data-label=\"Encontranos\" data-id=\"content--1\" data-export-id=\"content-12\" data-category=\"content\" class=\"content-12 content-section content-section-spacing\" id=\"encontranos\" style=\"background-color: rgb(245, 250, 253);\"><div  class=\"gridContainer\"> <div  class=\"row text-center\"><div  class=\"section-title-col\" data-type=\"column\"> <h2  class=\"\">Encontranos<\/h2> <p  class=\"lead\"><iframe  src=\"https:\/\/www.google.com\/maps\/embed?pb=!1m18!1m12!1m3!1d7967.111387697728!2d-60.80405008880766!3d-32.90457389768037!2m3!1f0!2f0!3f0!3m2!1i1024!2i768!4f13.1!3m3!1m2!1s0x95b64db788849579%3A0x135c9ebb529ae3c!2sAna%20Gurmendi%20400A%2C%20Funes%2C%20Santa%20Fe!5e0!3m2!1ses-419!2sar!4v1712956546192!5m2!1ses-419!2sar\" width=\"1000\" height=\"300\" style=\"border-width: 0px; border-style: initial;\" allowfullscreen=\"\" loading=\"lazy\" referrerpolicy=\"no-referrer-when-downgrade\"><\/iframe><\/p><\/div> <\/div> <div  class=\"row center-xs middle-xs\"> <div  class=\"col-sm-9\" data-type=\"column\"> <\/div> <\/div><\/div> <\/div>","protected":false},"excerpt":{"rendered":"<p>Algunos de los servicios que ofrecemos VENTAS Computadoras a la medida de tus necesidades. Notebooks, impresoras, monitores, servidores, PC Gamer, accesorios, perifericos y mas\u2026 SERVICIO T\u00c9CNICO Software-Hardware. Reparaci\u00f3n de computadoras, notebooks, monitores, impresoras. Todas las marcas y modelos SISTEMA DE ABONOS Sistema de abonos mensuales para empresas, estudios profesionales y comercios. Si est\u00e1 interesado en&hellip; <br \/> <a class=\"read-more\" href=\"https:\/\/aticomputacion.com.ar\/\">Read more<\/a><\/p>\n","protected":false},"author":1,"featured_media":0,"parent":0,"menu_order":0,"comment_status":"closed","ping_status":"closed","template":"page-templates\/homepage.php","meta":{"_joinchat":[],"footnotes":""},"class_list":["post-22","page","type-page","status-publish","hentry"],"jetpack_sharing_enabled":true,"_links":{"self":[{"href":"https:\/\/aticomputacion.com.ar\/index.php?rest_route=\/wp\/v2\/pages\/22","targetHints":{"allow":["GET"]}}],"collection":[{"href":"https:\/\/aticomputacion.com.ar\/index.php?rest_route=\/wp\/v2\/pages"}],"about":[{"href":"https:\/\/aticomputacion.com.ar\/index.php?rest_route=\/wp\/v2\/types\/page"}],"author":[{"embeddable":true,"href":"https:\/\/aticomputacion.com.ar\/index.php?rest_route=\/wp\/v2\/users\/1"}],"replies":[{"embeddable":true,"href":"https:\/\/aticomputacion.com.ar\/index.php?rest_route=%2Fwp%2Fv2%2Fcomments&post=22"}],"version-history":[{"count":26,"href":"https:\/\/aticomputacion.com.ar\/index.php?rest_route=\/wp\/v2\/pages\/22\/revisions"}],"predecessor-version":[{"id":141,"href":"https:\/\/aticomputacion.com.ar\/index.php?rest_route=\/wp\/v2\/pages\/22\/revisions\/141"}],"wp:attachment":[{"href":"https:\/\/aticomputacion.com.ar\/index.php?rest_route=%2Fwp%2Fv2%2Fmedia&parent=22"}],"curies":[{"name":"wp","href":"https:\/\/api.w.org\/{rel}","templated":true}]}}